greatest common divisor of t and 434?
62
Let j(h) = -5*h**3 - h**2 + 9*h - 16. Let i be j(-4). Calculate the greatest common factor of i and 2100.
84
Suppose -16 = 2*r, -131*f - 15749 = -136*f + 3*r. What is the highest common factor of 259 and f?
37
Let u(k) = 3638*k - 36296. Let w be u(10). Let f be 0 - (0 + -2) - -10. Calculate the greatest common factor of w and f.
12
Suppose 4*p - 7 = 1. Suppose 1 = -3*c - z - 4*z, 3*c = p*z + 34. Let u(b) = b**2 - 298*b + 901. Let x be u(3). Calculate the greatest common divisor of x and c.
8
Let d(y) = -7*y**2 + 2056*y - 2031*y - 2 + 3*y**2. Let w be d(6). What is the greatest common divisor of 20 and w?
4
Let w = 156 - 82. Let g be (-9)/12*(-24)/9. What is the highest common factor of w and g?
2
Let d(m) = 15*m**3 - 15*m**2 + 83*m + 28. Let o be d(5). Calculate the greatest common factor of o and 134.
67
Let z(u) = 6*u - 26. Let h be z(5). Let t(d) = -d**3 + 7*d**2 + 2*d + 2. Let i = -8 - -15. Let n be t(i). What is the greatest common divisor of h and n?
4
Let k = 1962 - 1082. What is the highest common divisor of 100 and k?
20
Let z(f) = 13*f**2 - 8*f - 11. Let o = 91 + -95. Let k be z(o). Let r = k - 157. What is the highest common factor of r and 108?
36
Suppose 5*y = -25, 6 - 56 = 5*r + 5*y. Let p = -103 + r. Let j = -21 - p. Calculate the highest common factor of 29 and j.
29
Let i = -15601 + 18980. Calculate the greatest common factor of i and 93.
31
Suppose -264 = -3*k + 960. Suppose 4*d = -13*d + k. Calculate the highest common divisor of 36 and d.
12
Let i be (-67 - -81)/(6927/2307 - 3). Calculate the highest common factor of 7 and i.
7
Suppose 4*r + 164*d - 165*d - 15 = 0, -3*r + 3 = -9*d. Suppose -3*z + f = -7, -2*f = -0*z - 2*z + 2. What is the highest common factor of z and r?
1
Let h = 12086 - -2082. What is the greatest common divisor of 154 and h?
154
Let m be ((-19)/(-57))/((-2)/(-1122)). Suppose m = 9*t + 52. What is the highest common divisor of t and 135?
15
Suppose 4*c = 80 + 28. Suppose -48*x + 46*x + 4 = 0. Suppose x*n - 43 = -c. What is the highest common factor of n and 72?
8
Let u(g) = 123*g**3 + g**2 + 2*g - 4. Let v be u(1). Suppose 93 + v = 5*l - 5*z, -3*z = 3*l - 129. What is the greatest common divisor of 43 and l?
43
Suppose 29 = 5*t - 2*i, -4*t + 17 = -3*i - 9. Let z be (-30)/(-4)*6/t. Let k be ((-4)/(-7))/(z/63). Calculate the highest common factor of k and 6.
2
Let n = -4268 - -4348. What is the greatest common divisor of n and 132?
4
Let u(w) = -3*w**2 + 24*w - 15. Let s be u(7). Suppose s*o - 9*o = -210. Let p be 2/4*o - -3. What is the greatest common divisor of 190 and p?
38
Let a be 90 + -8*1/(-2). Suppose 4*b = -0*x + 3*x + a, 2*b - 46 = x. Suppose -2*u = -250 - 102. Calculate the highest common factor of u and b.
22
Let c be (-2)/(-4) - 69/(-6). Suppose 52*b - 59*b + 3710 = 0. Let x = 558 - b. Calculate the highest common factor of c and x.
4
Suppose 4*t - 11 = 29. Let l = -18 + 39. Let z(s) = s + 19. Let n be z(l). Calculate the greatest common divisor of t and n.
10
Let j(i) = -2600*i - 10328. Let y be j(-4). Calculate the highest common factor of y and 6024.
24
Let h be (-28 + (-59 - -82))*(-6552)/10. What is the highest common factor of 840 and h?
84
Let b(w) = -12*w**3 - w**2. Let h be b(-1). Let d = -1043 + 1042. Let j be (8 + 138/(-9))/(d/3). What is the greatest common factor of h and j?
11
Let t be 356/12 + 24/18 + 9 + -17. Let j(i) = 2*i**3 - 7*i**2 - 2*i - 7. Let k be j(6). Calculate the greatest common divisor of k and t.
23
Suppose -4 = -2*u - 20. Let g be 3 + (u*5)/(-5). What is the greatest common factor of 11 and g?
11
Let j(q) = 2069 + q - 2050 + q**3 - 17*q**2 + 7*q. Let f be j(17). What is the greatest common divisor of 62 and f?
31
Let k = 34 + -4. Suppose -23*h + 19*h + 235 = m, 2*h = -4*m + 100. What is the greatest common factor of h and k?
30
Suppose 5*y = 3*y + 2, 2*y = 5*n - 10498. What is the highest common divisor of 1428 and n?
84
Suppose 1028 = -2*j - 6*s + 4*s, 4*s = -5*j - 2569. Let o = 567 + j. What is the highest common factor of 135 and o?
27
Let h = -33684 - -33689. Let z = 21 - 1. Calculate the highest common factor of z and h.
5
Let d(q) = 2*q**2 + 22*q + 181. Let y be d(-7). Calculate the greatest common factor of y and 25.
25
Let l = 83 + -41. Suppose 2*b = 4*y + 178, 118 = 3*b + 2*y - 45. What is the highest common divisor of l and b?
21
Suppose -3*c - 2*c + 2*a = -75, 2*a = -c + 27. Suppose c*u - 792 = 6*u. Calculate the highest common divisor of u and 24.
24
Let p(h) = -2340*h - 780. Let u be p(-3). Calculate the greatest common factor of u and 15.
15
Suppose -422*g + 9808 = -88096. What is the highest common divisor of 1344 and g?
8
Suppose -o - 15 = -4*o, 3*n = -5*o + 40. Suppose 0 = n*u + 4*t - 1649, -313 = 24*u - 25*u - 5*t. Calculate the greatest common factor of 37 and u.
37
Suppose 3*k + 9 = w + 8*k, -4*k + 12 = 2*w. Let d be (-1)/w + 31257/36. Let m = d + -598. What is the greatest common factor of m and 27?
27
Let d = -19 + 154. Let k(x) = 38*x + 15. Let y be k(4). Let z = -113 + y. What is the greatest common factor of d and z?
27
Let u = 152 + -138. Suppose -6*m - u*m + 3220 = 0. Calculate the highest common factor of 7 and m.
7
Let c(p) = -36*p + 3316. Let x be c(13). Calculate the highest common factor of 32 and x.
32
Let w be (-14)/189*9*3/(-1). Suppose -5*k + 35 + 15 = 0. Suppose 5*m = 10 + k. Calculate the greatest common divisor of w and m.
2
Let a be (-4 - -2)*18/4. Let m be -45*(2/a + 24/27). Let x be 14/7*(-2)/4*m. Calculate the greatest common divisor of x and 90.
30
Let v be (-28)/(-2)*1221/(-629)*-17. Calculate the highest common factor of v and 574.
14
Let z(p) = -p**3 - 32*p**2 + 102*p + 36. Let f be z(-35). Calculate the highest common divisor of 1786 and f.
47
Suppose 223*o = 213*o + 8930. Let r = 895 - o. What is the highest common factor of r and 258?
2
Suppose -8409 = -2*o - 20*o + 7079. What is the highest common factor of 1024 and o?
64
Let a be (-2 + 0)/(135/(-10800)). What is the highest common factor of a and 160?
160
Suppose 2*l = -3*r + 3156, r = -13*l + 11*l + 3152. Calculate the highest common factor of l and 18.
9
Let j = 2 - 0. Suppose 3*v = 12*v + 7*v. Suppose v = -10*y - 7*y + 34. What is the greatest common factor of j and y?
2
Let o(n) = -5*n**2 + 43*n + 6. Let c be o(5). Suppose c = 42*y - 38*y. What is the greatest common divisor of y and 492?
12
Let q(s) be the second derivative of s**4/12 - 7*s**3/6 + 9*s**2 - 59*s. Let g be q(2). What is the greatest common divisor of g and 44?
4
Suppose 0 = -s + 2*a, -2*s - 2*a - 2*a + 24 = 0. Suppose -27 = 3*c - s*c. What is the greatest common factor of c and 3?
3
Suppose 0 = 5*a - 3*k - 194, -a + k + 111 = 75. Calculate the greatest common divisor of a and 33239.
43
Suppose -r + 1 = 4*o, 5*r - 72 = -2*o + 41. Calculate the greatest common factor of r and 1600.
25
Let l be (-1)/6 - (3/(-45))/(38/3953045). Calculate the greatest common divisor of l and 190.
95
Let h(y) = 46*y**2 - 128*y + 12. Let w(k) = -30*k**2 + 85*k - 8. Let p(u) = -5*h(u) - 8*w(u). Let n be p(5). Calculate the greatest common divisor of n and 45.
9
Suppose -13 + 23 = r - 2*x, -5*x - 10 = 5*r. Suppose -r*s + 447 = 57. What is the highest common factor of 30 and s?
15
Let w = 42839 - 26954. What is the highest common factor of 45 and w?
45
Suppose 100 = 8*t + 175 - 139. Calculate the highest common factor of 1304 and t.
8
Suppose 6 = 2*z - 2, 5*d = z + 181. Let k = 124 + -122. Suppose 0 = l + 3*j - 4*j - 38, 4*j = k*l - 78. What is the greatest common divisor of d and l?
37
Suppose -85 = -2*n - 3*n + g, -5*g + 7 = 2*n. Let h(t) = -t**3 + 5*t**2 + 3*t - 4. Let j be h(4). Calculate the highest common divisor of j and n.
8
Let g be (3 + 0)/((-3)/(-4)). Let i = 3555 - 3553. What is the greatest common divisor of i and g?
2
Suppose 2*b = -a + 28, 211*b + a = 208*b + 41. Calculate the highest common factor of 247 and b.
13
Let g = -3218 + 3248. What is the highest common divisor of 1065 and g?
15
Let x be (-4 - -3) + (0 - -2) + 167. Let u(g) = 0*g - 155 + x - g. Let q be u(6). What is the highest common factor of q and 28?
7
Let c be 2106 - ((-24)/(-24))/(2/(-6)). Suppose -8*w + c = -387. Calculate the highest common factor of w and 39.
39
Let w be (-2187)/18*(-14)/